base 2) in base 11?
-49
2 (base 3) to base 6
2
What is -e (base 16) in base 2?
-1110
Convert 204 (base 8) to base 11.
110
What is 17 (base 13) in base 15?
15
What is -9 (base 10) in base 9?
-10
What is -1010 (base 2) in base 7?
-13
3 (base 12) to base 10
3
-32 (base 12) to base 2
-100110
6 (base 12) to base 15
6
What is -121 (base 3) in base 16?
-10
Convert -5 (base 14) to base 8.
-5
What is -110 (base 3) in base 12?
-10
-127 (base 9) to base 5
-411
20 (base 7) to base 8
16
What is -111 (base 4) in base 14?
-17
Convert -2 (base 15) to base 10.
-2
1230 (base 4) to base 12
90
-10 (base 4) to base 3
-11
What is -340 (base 8) in base 15?
-ee
-16 (base 13) to base 2
-10011
-11 (base 16) to base 7
-23
13 (base 7) to base 3
101
110010 (base 2) to base 11
46
125 (base 7) to base 10
68
What is 110 (base 2) in base 8?
6
Convert -11100111 (base 2) to base 7.
-450
-8 (base 13) to base 14
-8
6 (base 13) to base 11
6
1 (base 6) to base 3
1
-32 (base 4) to base 16
-e
1 (base 16) to base 7
1
What is 23 (base 4) in base 11?
10
2010 (base 4) to base 15
8c
What is -15 (base 7) in base 12?
-10
What is -15 (base 15) in base 9?
-22
What is 11 (base 7) in base 10?
8
Convert 58 (base 9) to base 15.
38
3132 (base 4) to base 12
166
What is 14 (base 5) in base 6?
13
What is -231 (base 6) in base 3?
-10101
Convert -9 (base 12) to base 2.
-1001
Convert 163 (base 10) to base 13.
c7
What is 102 (base 3) in base 10?
11
Convert 2b (base 16) to base 15.
2d
363 (base 7) to base 4
3000
What is -1000 (base 6) in base 15?
-e6
Convert 14 (base 5) to base 3.
100
What is -453 (base 7) in base 4?
-3222
-21 (base 5) to base 16
-b
Convert 1a (base 16) to base 13.
20
What is -1000101 (base 2) in base 3?
-2120
What is 4 (base 13) in base 6?
4
436 (base 7) to base 5
1343
Convert 20 (base 14) to base 2.
11100
1 (base 4) to base 7
1
-10001100 (base 2) to base 8
-214
Convert -13d (base 16) to base 15.
-162
5 (base 15) to base 11
5
221 (base 3) to base 11
23
Convert 2 (base 16) to base 12.
2
What is -10 (base 4) in base 3?
-11
What is -5 (base 6) in base 16?
-5
-1a1 (base 13) to base 9
-363
Convert -1022 (base 3) to base 13.
-29
What is 56 (base 15) in base 8?
121
233 (base 4) to base 12
3b
383 (base 9) to base 6
1250
310 (base 6) to base 4
1302
12 (base 6) to base 16
8
-4 (base 9) to base 2
-100
Convert -1b (base 15) to base 7.
-35
What is -2 (base 10) in base 15?
-2
What is 11 (base 9) in base 4?
22
21 (base 15) to base 13
25
47 (base 8) to base 6
103
Convert 5 (base 13) to base 14.
5
Convert -7 (base 13) to base 16.
-7
What is 7 (base 16) in base 5?
12
What is -241 (base 7) in base 9?
-151
What is e (base 15) in base 9?
15
What is a (base 13) in base 5?
20
Convert 12 (base 4) to base 16.
6
Convert 11 (base 2) to base 13.
3
Convert -4 (base 15) to base 3.
-11
-167 (base 8) to base 11
-a9
Convert -5 (base 13) to base 8.
-5
Convert -26 (base 15) to base 11.
-33
What is 3e (base 15) in base 7?
113
30 (base 13) to base 4
213
Convert 27 (base 8) to base 6.
35
Convert 21 (base 16) to base 2.
100001
Convert 351 (base 10) to base 12.
253
What is -12 (base 6) in base 16?
-8
-100 (base 2) to base 5
-4
Convert -b7 (base 16) to base 8.
-267
-56 (base 15) to base 4
-1101
Convert 5 (base 8) to base 7.
5
Convert 84 (base 11) to base 6.
232
-17 (base 9) to base 13
-13
1 (base 2) to base 16
1
What is 1 (base 12) in base 9?
1
Convert -d (base 14) to base 12.
-11
110 (base 2) to base 15
6
-c0 (base 16) to base 7
-363
What is 3 (base 4) in base 13?
3
What is -12012 (base 3) in base 9?
-165
-10010 (base 2) to base 12
-16
Convert 1 (base 11) to base 4.
1
What is 20 (base 4) in base 13?
8
Convert 1 (base 16) to base 3.
1
b6 (base 16) to base 9
222
What is -4 (base 6) in base 12?
-4
What is -87 (base 12) in base 8?
-147
10 (base 3) to base 9
3
Convert -1010010 (base 2) to base 7.
-145
What is 3 (base 10) in base 13?
3
-9 (base 16) to base 7
-12
1 (base 14) to base 11
1
-2 (base 9) to base 12
-2
Convert -4 (base 9) to base 16.
-4
Convert 34 (base 12) to base 11.
37
Convert -2 (base 4) to base 10.
-2
-1310 (base 5) to base 8
-315
420 (base 5) to base 9
132
What is -3 (base 12) in base 15?
-3
2 (base 11) to base 9
2
What is 2014 (base 5) in base 6?
1111
22 (base 7) to base 14
12
What is -21 (base 6) in base 9?
-14
Convert 4 (base 13) to base 10.
4
-110 (base 6) to base 9
-46
Convert 4 (base 6) to base 15.
4
22 (base 12) to base 14
1c
Convert 21 (base 6) to base 11.
12
103 (base 4) to base 6
31
3 (base 16) to base 9
3
What is 11 (base 15) in base 11?
15
Convert 0 (base 7) to base 12.
0
0 (base 7) to base 10
0
What is -22 (base 9) in base 4?
-110
Convert 1202 (base 3) to base 9.
52
What is -1100 (base 2) in base 15?
-c
Convert -13 (base 14) to base 2.
-10001
What is 6d (base 15) in base 3?
10211
Convert 33 (base 9) to base 15.
20
What is ea (base 15) in base 6?
1004
Convert 2032 (base 4) to base 13.
ac
-203 (base 4) to base 12
-2b
What is -52 (base 10) in base 7?
-103
84 (base 15) to base 4
1330
Convert -3 (base 4) to base 12.
-3
2 (base 6) to base 5
2
Convert 5 (base 6) to base 4.
11
What is 1000 (base 2) in base 16?
8
Convert -12 (base 5) to base 3.
-21
What is -20 (base 3) in base 14?
-6
Convert 0 (base 15) to base 8.
0
-11 (base 10) to base 15
-b
1 (base 4) to base 10
1
What is 5 (base 15) in base 11?
5
304 (base 5) to base 7
142
Convert 10101 (base 2) to base 3.
210
Convert 23 (base 5) to base 16.
d
101011 (base 2) to base 9
47
Convert 100 (base 5) to base 15.
1a
5 (base 9) to base 8
5
-346 (base 7) to base 6
-501
What is -2 (base 10) in base 6?
-2
4 (base 6) to base 2
100
10 (base 4) to base 12
4
2001 (base 3) to base 2
110111
What is -445 (base 9) in base 14?
-1c1
-326 (base 8) to base 15
-e4
21 (base 13) to base 7
36
What is -21 (base 3) in base 6?
-11
Convert -11 (base 3) to base 2.
-100
Convert -2 (base 9) to base 14.
-2
Convert -4 (base 5) to base 4.
-10
What is 0 (base 6) in base 10?
0
-21210 (base 3) to base 14
-110
What is 1ad (base 15) in base 10?
388
Convert -3 (base 15) to base 4.
-3
Convert 3 (base 5) to base 4.
3
-a (base 12) to base 8
-12
20 (base 14) to base 8
34
Convert -1 (base 4) to base 5.
-1
What is -a9 (base 15) in base 7?
-315
-65 (base 7) to base 9
-52
What is -7 (base 15) in base 9?
-7
What is -21 (base 15) in base 9?
-34
Convert 37 (base 10) to base 13.
2b
Convert 113 (base 6) to base 12.
39
Convert -10a (base 11) to base 2.
-10000011
What is 5 (base 7) in base 2?
101
Convert 134 (base 5) to base 13.
35
What is -25 (base 7) in base 11?
-18
Convert 6 (base 12) to base 2.
110
14 (base 5) to base 6
13
What is 27 (base 11) in base 16?
1d
Convert -32 (base 5) to base 9.
-18
Convert -2 (base 16) to base 9.
-2
What is -7 (base 11) in base 2?
-111
22 (base 12) to base 3
222
Convert 4 (base 11) to base 5.
4
What is -36 (base 8) in base 12?
-26
What is 1 (base 10) in base 3?
1
283 (base 9) to base 15
10c
Convert 3 (base 5) to base 11.
3
Convert -27 (base 13) to base 16.
-21
What is 2 (base 15) in base 7?
2
What is -29 (base 10) in base 5?
-104
100001 (base 3) to base 12
184
Convert -41 (base 11) to base 3.
-1200
Convert 1 (base 15) to base 10.
1
Convert -284 (base 12) to base 11.
-323
Convert 0 (base 13) to base 2.
0
-1100 (base 2) to base 4
-30
1 (base 13) to base 8
1
What is 30 (base 5) in base 8?
17
-10 (base 14) to base 11
-13
What is 0 (base 7) in base 3?
0
-2 (base 11) to base 5
-2
Convert 2 (base 14) to base 8.
2
Convert 2b (base 15) to base 12.
35
171 (base 8) to base 9
144
Convert -36 (base 10) to base 12.
-30
Convert -21 (base 6) to base 2.
-1101
Convert -11 (base 2) to base 13.
-3
3 (base 14) to base 13
3
Convert 246 (base 11) to base 13.
196
What is 10 (base 3) in base 13?
3
Convert -37 (base 16) to base 10.
-55
-6 (base 9) to base 8
-6
Convert 113 (base 5) to base 10.
33
Convert 3 (base 9) to base 11.
3
What is -10 (base 3) in base 2?
-11
What is 211 (base 4) in base 14?
29
540 (base 8) to base 5
2402
What is -16a (base 11) in base 7?
-401
Convert 1 (base 9) to base 3.
1
1111 (base 2) to base 4
33
What is 5 (base 6) in base 10?
5
What is 23 (base 4) in base 13?
b
-100020 (base 3) to base 8
-371
Convert -17 (base 14) to base 16.
-15
1442 (base 6) to base 4
12002
-100 (base 2) to base 3
-11
Convert -47 (base 8) to base 5.
-124
Convert 12 (base 14) to base 15.
11
What is 7 (base 10) i